t s be m(-6). Calculate the greatest common divisor of s and j.
15
Let n(f) be the first derivative of 9*f**3 + f - 2. Let m be n(1). Suppose 0 = 6*q - 3*q - 126. What is the highest common factor of q and m?
14
Suppose -9 - 1 = -5*d. Suppose d*m - 21 = m. Calculate the greatest common factor of m and 168.
21
Let a(z) = 2*z - 5. Let m be a(4). Suppose -6*n + 2*n = 3*l - 52, -m*l = -4*n - 20. Suppose -2*u = -0*u - 120. What is the highest common divisor of l and u?
12
Suppose 2*m + 5*o - 375 = -3*m, 0 = -m + o + 69. What is the greatest common divisor of m and 8?
8
Suppose -4*s + 4 = -0. Let l be 1 + 8 - -3*s. Suppose 0 = -c - 0*y + 2*y + 10, -4*y + 52 = 2*c. Calculate the highest common factor of c and l.
6
Suppose -3*i - 18 = -3*m, 0 = -i - m - 3*m - 6. Let a(s) = -s - 2. Let v be a(i). Suppose -v*l = l - 25. What is the greatest common divisor of 5 and l?
5
Suppose g = -g + 374. Suppose 0 = p - 4*k + 3*k + 29, 5*p - 2*k + 160 = 0. Let i be (2 - 1)/((-2)/p). Calculate the highest common factor of g and i.
17
Let n = -30 - -94. Calculate the greatest common divisor of n and 160.
32
Let l be -15*(28/(-6) - -3). What is the greatest common factor of 10 and l?
5
Let x be (-31)/(-11) + 10/55. Suppose -6*d - 4 = -2*d, 0 = -x*p + 5*d + 5. Let y = 21 - p. Calculate the highest common divisor of 105 and y.
21
Let t be (1 - (-2)/6)*27. Let z be ((-12)/4)/(6/(-8)). Suppose l + c - 56 = 0, 3*c - 2 = z. Calculate the greatest common divisor of l and t.
18
Let t(b) = -2*b - 2. Let q(f) = f + 1. Let a(u) = 3*q(u) + t(u). Let d be a(3). Calculate the greatest common factor of d and 28.
4
Let s be ((-9)/4)/(11/(-1144)). What is the highest common divisor of 26 and s?
26
Let r = 11 + 3. Calculate the greatest common factor of r and 84.
14
Let v = 94 + -94. Let z(s) = s**2 - 2*s + 1. Let t be z(3). Suppose 4*a = -t*j + 24, v*j = j + 3. What is the highest common divisor of 72 and a?
9
Let k = 108 + -96. Calculate the highest common factor of 6 and k.
6
Suppose -5*u - 411 = -4*l, 4*l + 5*u - 480 = -l. What is the highest common divisor of l and 33?
33
Suppose -5*g - 15 = -5*u, u - 5*g - 7 = -3*u. Calculate the highest common factor of u and 12.
4
Suppose 5*k + 7 = -h + 33, -h + 2*k = 2. What is the highest common divisor of 54 and h?
6
Suppose 4*k - 4 = -5*p, -k + 4*p + 3 = 2. Calculate the highest common divisor of 9 and k.
1
Let g be -4 + 3 + 3 + 16. Calculate the greatest common factor of g and 198.
18
Let f(t) = t**2 + 4*t + 6. Let o be f(-6). Let v(g) = -g**2 + g + 12. Let b be v(0). What is the highest common factor of b and o?
6
Let j be 24/(-9)*(-9)/6. Suppose d + j = l, 0*l - 5*l = -2*d - 23. Let x(p) = 2*p - 3. Let h be x(4). What is the highest common factor of h and l?
5
Suppose u - 16 = -5*k, k + 5*u = 9 - 25. Let w be (-42)/(-4)*k/3. Suppose 16*x = w*x + 40. Calculate the highest common factor of x and 30.
10
Suppose 4*w + w = -4*f - 25, -4*f + 5*w = -25. Suppose -4*u + 12 = -f*u. Calculate the highest common factor of 24 and u.
3
Suppose -2*y = -5*u + 80, -4*u + 2*y - 18 = -6*u. Calculate the highest common factor of 21 and u.
7
Let a be 31 - (12/(-4) + 1). Calculate the greatest common factor of 66 and a.
33
Suppose 2*s - 145 = -0*s + 5*v, 15 = -5*v. What is the greatest common divisor of 52 and s?
13
Let q = -13 + 17. Suppose q*a + w = -4*w + 538, -5*w - 518 = -4*a. What is the highest common divisor of a and 12?
12
Let j(h) = h + 27. Let l be j(-8). Let z be 0*(1 + 2/(-4)). Suppose q - 2 - l = z. Calculate the greatest common divisor of q and 7.
7
Let y be (-14 + 0)*66/(-12). What is the greatest common divisor of y and 7?
7
Suppose 16*a - 19*a = -3. Calculate the highest common divisor of a and 13.
1
Suppose -5*w - 294 = -894. Suppose 0 = 5*s - 55 - w. Let z = 2 - -5. What is the greatest common divisor of z and s?
7
Suppose -17*h + 498 - 56 = 0. Calculate the greatest common factor of h and 26.
26
Suppose -3*o - 4*g + 150 = 0, -83 + 298 = 5*o - 5*g. Let h = o - -2. Calculate the greatest common divisor of 120 and h.
24
Suppose -9*j = -6*j - 645. Calculate the greatest common divisor of j and 43.
43
Suppose i = -h + 16 - 5, -2*i = 5*h - 40. Calculate the greatest common divisor of h and 12.
6
Let j = 5 - 5. Suppose j = 5*s - 3*n + 15 - 64, 3*n = 3*s - 27. Calculate the greatest common factor of 11 and s.
11
Suppose 0*y + 60 = 5*y. Calculate the greatest common divisor of y and 48.
12
Let t = 15 - 6. Let q(o) = o**2 + 4*o + 2. Let u be q(-4). Suppose 0 = -m + 4 - 1, 0 = -2*d + u*m. What is the greatest common factor of t and d?
3
Suppose -4*c - 2*x + 46 = 0, 0 = 2*x + 2*x - 20. What is the highest common factor of c and 1?
1
Suppose -5*u - 3*g - 2*g = -5, -4*u - 2 = 2*g. Let m be u/(-3) - (-55)/3. What is the greatest common factor of m and 133?
19
Suppose -4*y + 2 = -46. Let q(n) = -n**3 - 6*n**2 + 3*n + 2. Let w be q(-7). What is the highest common divisor of w and y?
6
Let p = 3 + 67. What is the highest common factor of 28 and p?
14
Suppose 0 = 4*p + 5*n + 4, 0*p + 12 = p - 2*n. Suppose 72 = p*d - 2*d. Calculate the highest common divisor of 54 and d.
18
Let u be (143/(-55))/((-1)/5). Let v = 26 - u. Calculate the highest common factor of v and 13.
13
Suppose -2*y + 388 = 5*t + 96, -2*t - y = -116. Calculate the greatest common divisor of t and 24.
12
Let r = 12 + -15. Let a be (-1)/3 + (-199)/r. Calculate the highest common factor of 6 and a.
6
Suppose -5*o + 192 = -2*o - 2*m, 0 = -2*o + m + 128. Suppose -3*d = d - o. What is the highest common factor of d and 16?
16
Let n(j) = -j**3 + j**2 + j + 33. Let i be n(0). Calculate the greatest common factor of 3 and i.
3
Suppose 3*y = -12, 47 = 4*i - 5*y - 45. What is the highest common factor of 18 and i?
18
Let q = -40 - -92. Let a = q + 98. What is the highest common divisor of 15 and a?
15
Let j = -44 - -65. Suppose 5*m - j = 5*y + 79, 2*m - y = 42. What is the highest common divisor of m and 2?
2
Suppose b - 53 = 2*n + 76, 8 = 4*n. Let d be 4/14 - b/(-49). Calculate the greatest common factor of 6 and d.
3
Suppose 0 = 3*b - 244 - 20. Suppose -2*y - 26 = -2*t, -t - 5*y = 3*t - 7. Calculate the greatest common divisor of t and b.
8
Suppose -5*m + v = -39, -m + 6*m + 4*v = 19. Suppose 3*c = m*c - 200. Suppose 20 = -p + 3*p. Calculate the greatest common divisor of c and p.
10
Let r = 129 - 92. Calculate the greatest common divisor of r and 37.
37
Suppose 0*k = -4*k + 4. Suppose 5*r - 4 - 1 = 0. What is the greatest common factor of k and r?
1
Let v = 1 - -3. Suppose -3*i - z - 287 = 0, i = -i - z - 193. Let n be i/(-18) + v/(-18). What is the greatest common divisor of n and 40?
5
Suppose 0 = -2*b - b + 9. Suppose -2*p = -2*o - p + 313, 0 = -4*o - b*p + 601. Let z = 36 - 22. What is the highest common factor of o and z?
14
Suppose 4*w - 12 = 0, -w + 14 = 5*y + 2*w. Calculate the highest common factor of y and 7.
1
Let r be ((-48)/14)/((-40)/140). Let g(m) = -3*m. Let i be g(-1). Calculate the greatest common divisor of i and r.
3
Let i be (5/3)/((-15)/(-18)). Calculate the greatest common factor of 6 and i.
2
Let w(n) = -n**3 + 6*n**2 - 9*n + 2. Let b be w(3). Calculate the greatest common divisor of 2 and b.
2
Suppose 11 = -0*y + y. Let v(s) = s - 5. Let b be ((-3)/2)/(-3)*12. Let k be v(b). Calculate the greatest common divisor of k and y.
1
Suppose 0 = -3*d - 2*d. Suppose -o - 3*n = -14, -5*o + 22 = -d*n + 3*n. What is the greatest common factor of o and 22?
2
Suppose 12 = -4*i, 4*a + a = -3*i + 46. What is the greatest common divisor of a and 121?
11
Let s = 92 + -49. What is the greatest common factor of s and 301?
43
Suppose -3*n - n = 3*z - 107, -3*n - 93 = -3*z. What is the highest common factor of z and 3?
3
Suppose 4*l - 66 = -2*l. Calculate the greatest common divisor of 88 and l.
11
Suppose -z - x + 40 = -6*x, 240 = 5*z - 5*x. Let t = 15 + 5. Calculate the greatest common divisor of z and t.
10
Let t be (-6)/15 - 268/(-20). Let l(b) = 6*b + 2. Let i be l(4). What is the greatest common factor of t and i?
13
Let w be (-14)/(-42) + 110/(-6). Let n = -12 - w. Calculate the highest common divisor of 12 and n.
6
Let z be 4/3*3/2. Suppose 3*m + 5 - z = -4*u, -5*m - 5 = 5*u. Suppose 3*q - q = 2*i + 256, u = 2*q + 3*i - 256. What is the greatest common divisor of 16 and q?
16
Suppose 